o**2 - 719*o - 2110. What is q(-3)?
-592
Let q(k) = k**3 - 438*k**2 - 437*k - 829. Determine q(439).
49
Let x(m) = -577*m - 25675. What is x(-47)?
1444
Let u(a) = 4*a**2 + 1104*a + 50602. Calculate u(-218).
26
Let b(y) = 347*y**3 + 8*y**2 - 92*y + 91. Calculate b(1).
354
Let m(f) = -43301*f + 259833. Calculate m(6).
27
Let k(z) = -22*z**2 - 425*z + 74. Give k(-20).
-226
Let j(t) = -8*t**3 - 11*t**2 - 57*t - 119. Determine j(-2).
15
Let l(f) = -464*f + 27324. Calculate l(59).
-52
Let j(g) = g**3 + 137*g**2 - 15*g - 2006. Give j(-137).
49
Let b(i) = i**3 - 3*i**2 + 950*i - 4780. Calculate b(5).
20
Let v(u) = 253*u + 9378. What is v(-37)?
17
Let p(g) = -4163*g + 20761. Determine p(5).
-54
Let b(g) = -788836*g - 788844. Determine b(-1).
-8
Let g(l) = -l**2 - 54*l + 34992. Determine g(162).
0
Let z(g) = 737*g**3 + 83*g - 83. Determine z(1).
737
Let a(b) = 550*b + 7751. What is a(-14)?
51
Let h(d) = -22*d**2 + 9148*d + 20049. What is h(418)?
-15
Let d(y) = 617*y + 180015. Give d(-292).
-149
Let m(z) = -3*z**3 + 44*z**2 + 144*z + 653. What is m(18)?
5
Let u(o) = o**2 + 1854*o - 13041. Determine u(7).
-14
Let p(n) = 26326*n - 3711922. What is p(141)?
44
Let l(d) = d**3 - 204*d**2 + 588*d + 3102. Give l(201).
87
Let g(z) = z**3 - 328*z - 2007. Calculate g(-6).
-255
Let x(o) = 8*o**2 + 299*o - 34599. Give x(-87).
-60
Let l(j) = -2*j**3 - 358*j**2 - 2047*j + 62076. Determine l(-172).
-16
Let c(f) = 2*f**3 - 54*f**2 - 14*f + 5300. Calculate c(14).
8
Let r(w) = 6*w**2 + 104*w - 567. What is r(-20)?
-247
Let z(f) = 3*f**2 + 716*f + 14296. Calculate z(-22).
-4
Let x(y) = 97227*y + 97171. What is x(-1)?
-56
Let k(g) = 316*g - 8582. Determine k(42).
4690
Let v(q) = 787*q**3 - 14*q**2 - 19*q - 4. What is v(-1)?
-786
Let t(n) = -n**3 - 739*n**2 + 75534*n + 3321. Calculate t(-830).
1
Let a(r) = -2*r**2 - 9*r + 3820. Calculate a(-46).
2
Let y(t) = t**2 + 5802*t + 258793. What is y(-45)?
-272
Let p(v) = -6460*v - 839790. What is p(-130)?
10
Let h(u) = -33217*u + 398580. Give h(12).
-24
Let y(p) = 70*p - 2413. Determine y(30).
-313
Let f(p) = -153*p + 17652. Give f(102).
2046
Let l(h) = h**3 + 1661*h**2 - 20078*h - 29. Give l(12).
-53
Let x(p) = -415*p - 2209. Calculate x(-5).
-134
Let r(t) = -2*t**2 + 177*t - 902. Give r(84).
-146
Let o(z) = -z**2 + 505*z - 57221. Give o(135).
-7271
Let h(f) = -5*f**2 - 31*f - 61. Determine h(-3).
-13
Let c(p) = -37*p - 1248. Determine c(14).
-1766
Let i(u) = -1372*u**2 - 5357*u + 558. What is i(-4)?
34
Let m(s) = 14*s**2 - 1293*s - 2594. Calculate m(-2).
48
Let f(b) = -404*b**3 - 797*b**2 + 12*b - 2. Give f(-2).
18
Let w(p) = 20*p**2 - 844*p + 4383. What is w(6)?
39
Let b(f) = f**2 + 79*f + 797. Give b(-67).
-7
Let j(c) = -c**2 - 129*c - 2181. Calculate j(-20).
-1
Let q(j) = 6*j**2 - 164*j - 1750. Calculate q(-8).
-54
Let l(n) = -43*n**2 - 18*n + 32. Give l(2).
-176
Let q(p) = -80942*p - 46379770. Determine q(-573).
-4
Let p(r) = -r**2 - 4186*r + 1432276. What is p(318)?
4
Let p(b) = -b**2 - 1844*b - 47271. Give p(-26).
-3
Let f(p) = 6*p**3 - 48*p**2 + 3*p - 12. Calculate f(7).
-285
Let m(o) = -47*o**2 + 4371*o + 4388. Calculate m(-1).
-30
Let k(q) = 54938*q - 659157. What is k(12)?
99
Let a(l) = 14*l**2 + 362*l - 8688. What is a(-41)?
4
Let p(c) = 87*c**2 - 15294*c - 3170. What is p(176)?
-2
Let b(p) = 19*p**2 - 9314*p + 20495. Give b(488).
-1
Let y(t) = 2*t**3 + 16*t**2 - 119344*t - 835491. What is y(-7)?
15
Let k(r) = 17*r**2 + 4847*r - 14518. Give k(3).
176
Let y(a) = 258*a + 16112. Give y(-63).
-142
Let g(r) = -58*r**2 + 554*r + 224. Give g(10).
-36
Let l(q) = -q**2 + 38203*q - 267366. What is l(7)?
6
Let f(x) = -80856*x + 80854. What is f(1)?
-2
Let j(h) = h**3 + 27*h**2 - 38*h - 1592. Calculate j(-26).
72
Let s(b) = 479*b - 206898. Calculate s(432).
30
Let h(g) = -13*g**2 - 954*g - 4559. What is h(-5)?
-114
Let c(n) = 718*n + 232676. What is c(-324)?
44
Let o(q) = q**3 - 162*q**2 - 799*q + 50173. Calculate o(165).
13
Let b(i) = 191*i**2 - 30178*i + 305. What is b(158)?
305
Let w(l) = -9*l**3 + 381*l**2 - 128*l - 12. Calculate w(42).
-96
Let l(a) = 4*a**3 - 988*a**2 + 9486*a - 798. Calculate l(237).
624
Let a(l) = -2*l**2 - 417*l - 1471. Calculate a(-202).
1155
Let l(b) = -b**3 - 34*b**2 - 1924*b - 65564. Determine l(-34).
-148
Let q(d) = -665841*d - 2663348. Calculate q(-4).
16
Let r(k) = 203*k - 11240. What is r(50)?
-1090
Let a(s) = 2*s**3 - 117*s**2 + 541*s - 14. Determine a(5).
16
Let v(w) = 32*w**3 - 140*w**2 - 150*w + 241. Determine v(5).
-9
Let z(s) = -363*s**2 + 84571*s + 1878. Calculate z(233).
14
Let p(c) = 3079*c**2 + 6748*c + 1184. What is p(-2)?
4
Let k(w) = -272*w**2 - 1288*w + 22. Calculate k(-5).
-338
Let q(s) = s**2 - 350*s + 10948. What is q(33)?
487
Let g(i) = i**3 - 13*i**2 + 509*i - 6013. Calculate g(12).
-49
Let r(x) = -x**3 + 3*x**2 + 97*x + 35. Calculate r(-8).
-37
Let m(d) = -1037*d - 55993. Give m(-54).
5
Let f(o) = -6*o**2 + 67*o + 685. Determine f(-4).
321
Let n(y) = -2066597*y - 14466166. What is n(-7)?
13
Let v(h) = -1609*h - 32131. Determine v(-20).
49
Let k(d) = 4*d**2 - 2267*d + 308942. Give k(228).
2
Let t(f) = -2*f**2 + 319*f - 1552. Determine t(154).
142
Let y(w) = -w**2 + 15135*w - 242131. What is y(16)?
-227
Let o(n) = -9*n**3 - 47*n**2 - 64*n - 81. Determine o(-4).
-1
Let s(g) = g**3 - 32*g**2 - 16*g - 1518. What is s(34)?
250
Let j(f) = -f**3 + 262*f**2 - 7899*f - 10389. Give j(227).
53
Let d(p) = p**3 - 58*p**2 + 722*p - 204. What is d(18)?
-168
Let q(m) = 203251*m + 3861767. Give q(-19).
-2
Let p(d) = 19*d - 2185. Determine p(80).
-665
Let d(r) = -44166*r + 2252472. Give d(51).
6
Let b(v) = 5*v**3 + 403*v**2 + 879*v + 152. What is b(-2)?
-34
Let i(j) = 204*j + 29688. Give i(-145).
108
Let p(w) = 831*w - 78166. Determine p(94).
-52
Let t(q) = -3*q**2 + 302*q - 3192. Determine t(89).
-77
Let w(v) = v**3 - 39*v**2 + v + 8342. Calculate w(29).
-39
Let i(v) = -v**3 - 205*v**2 + 4014*v + 24. What is i(18)?
24
Let q(i) = 206*i**2 + 5180*i + 746. Give q(-25).
-4
Let c(k) = 2*k**2 + 488*k + 15176. Determine c(-36).
200
Let j(g) = g**3 - 227*g**2 - 41*g + 60340. Give j(226).
-2
Let l(x) = -x**2 + 212*x + 28829. Give l(-94).
65
Let v(j) = 103*j**2 - 212*j - 1235. What is v(-6)?
3745
Let g(m) = 1583*m + 1150852. Determine g(-727).
11
Let w(x) = -x**2 + 59*x - 39. What is w(34)?
811
Let y(h) = h**3 + 56*h**2 - 118*h - 16944. Give y(-52).
8
Let t(f) = 470*f**2 + 164976*f + 2112. What is t(-351)?
6
Let g(y) = 2*y**3 + 96*y**2 - 81*y + 683. Determine g(-49).
-150
Let i(z) = -4*z**3 - 100*z**2 + 597*z - 784. Determine i(3).
-1
Let n(h) = h**2 - 13357*h + 824451. Determine n(62).
161
Let v(d) = -175*d**2 - 4*d - 10. Calculate v(-2).
-702
Let o(u) = 32811*u - 17455447. Determine o(532).
5
Let g(s) = -746*s**2 + 1132*s - 384. Calculate g(1).
2
Let l(d) = d**3 + 215*d**2 + 9011*d + 16. What is l(-57)?
-269
Let a(m) = 64839*m + 389030. Give a(-6).
-4
Let y(h) = 2925*h + 128718. What is y(-44)?
18
Let j(k) = 458*k - 7230. Give j(17).
556
Let k(h) = 704*h + 492193. Give k(-699).
97
Let o(u) = 173*u - 1114. What is o(6)?
-76
Let k(g) = 259*g**2 + 1314*g - 17216. Give k(6).
-8
Let u(j) = -219*j - 26487. Determine u(-122).
231
Let j(w) = -6652*w - 918107. Give j(-138).
-131
Let z(c) = -7*c**3 - 61*c**2 + 75*c - 153. Calculate z(-10).
-3
Let f(k) = 96843*k + 484200. Determine f(-5).
-15
Let b(q) = q**3 + 32*q**2 + 18*q + 1370. What is b(-33)?
-313
Let j(w) = 366088*w - 366076. What is j(1)?
12
Let g(b) = 1453*b + 2854. Determine g(-2).
-52
Let x(j) = -7*j**2 - 9128*j - 18231. Give x(-2).
-3
Let j(o) = 4982*o + 149316. What is j(-30)?
-144
Let k(d) = 1531651*d + 7658268. Calculate k(-5).
13
Let d(m) = -21052*m + 2884125. What is d(137)?
1
Let s(q) = -26*q + 1952. Give s(90).
-388
Let s(z) = 355*z - 1644. Determine s(5).
131
Let d(i) = 436*i**3 + 11*i**2 - 160*i - 169. Calculate d(-1).
-434
Let u(s) = -414*s + 55894. Give u(135).
4
Let y(t) = -4*t**3 - 563*t**2 + 21299*t - 68. What is y(31)?
-6
Let u(w) = -14*w**3 - 1539*w**2 - 95*w - 22553. Determine u(-110).
-3
Let x(h) = -5*h**3 - 32*h**2 + 88*h - 50. Determine x(2).
-42
Let x(v) = 15*v**2 - 204*v - 737. Calculate x(17).
130
Let y(k) = 4*k**3 - 20*k**2 + 102*k - 9. Calculate y(5).
501
Let o(u) = 6*u**2 + 132*u - 1283. Give o(14).
1741
Let x(j) = j**3 - 3